5/(25/20) - -3. Let y be t/(-2)*8/(-14). Suppose -5*f - 4*c = -2051, 5 = -y*c - 3*c. Is f a prime number?
False
Let x(s) = 4409*s**2 + 27*s + 77. Is x(-3) a prime number?
False
Suppose 14*s - 1793 = 1161. Is s a composite number?
False
Suppose -3*g - 2*g = 0. Suppose g = 2*p - 0*p - 4. Suppose p*x - 330 = 484. Is x a prime number?
False
Suppose -3*z = 12*z - 5835. Is z a prime number?
True
Let r(b) = -10*b**2 - 2 + 18*b - 2 - 2 + b**3. Let j be r(8). Is ((-35)/j)/(1/(-82)) a composite number?
True
Let i(c) = 10*c + 43. Suppose -4*d + 20 = -52. Is i(d) a prime number?
True
Suppose -19*k + 33622 = -221377. Is k prime?
True
Let k(b) = 26*b + 1. Let z(r) = 9*r. Let w(h) = 4*k(h) - 11*z(h). Is w(17) a composite number?
False
Suppose z = -1 + 3. Let i(v) = v**2 - 1. Let h be i(-2). Suppose 0 = 4*t + z*s - 838, s + 3*s + 645 = h*t. Is t a prime number?
True
Let j = 978 + -1949. Let s = 1550 + -2214. Let r = s - j. Is r a composite number?
False
Suppose f = 5*a - 13942, a - 3857 + 1080 = 4*f. Is a prime?
True
Is 1/2*4411*2 a composite number?
True
Let x = 2123 + -181. Is x composite?
True
Let t(v) = 6 - 4 + 1 + 3*v. Let l be t(8). Suppose j = 19 + l. Is j a composite number?
True
Is 60952/12 - 11/33 a composite number?
True
Let r be 1/(-3 + (-20)/(-6)). Suppose k + 5*i = -0*k + 27, r*k + 4*i = 26. Suppose -k*g - 382 = -4*g. Is g composite?
False
Suppose h = 2*h + d - 2811, 2*d + 5622 = 2*h. Suppose 0*u = 3*u - h. Suppose u = 2*p + 119. Is p a prime number?
True
Let c(j) = -497*j + 52. Is c(-3) a prime number?
True
Let k(t) = -9*t - 1. Let h be k(2). Let s(w) = 10*w**2 + 28*w + 13. Is s(h) a prime number?
False
Suppose -3*g - 5*r = -29321, 0 = 2*g + 4*r - 5468 - 14082. Is g a prime number?
True
Let t = 25951 - -3648. Is t a prime number?
True
Let q = 4 - 2. Let z be ((-90)/40)/(q/(-424)). Let k = z + -254. Is k composite?
False
Let w be (0*2/(-4))/2. Suppose -2*x + 4 = -w*x. Suppose -72 = -x*g + 3*l, 0 = -4*g + 3*l + 75 + 63. Is g a composite number?
True
Let k = 16 - 12. Let z = 25 - 4. Suppose -x - z = -4*d + 3, x = k. Is d a prime number?
True
Suppose -3*h = -4*h + 3. Suppose 5*m - h*o + 28 = 0, -m = -2*m + 5*o - 10. Is 12/(-3) + (58 - m) a prime number?
True
Let y be (-5)/(5/(-3)) + -356. Let i = y + 775. Is i composite?
True
Let g be 4*((-285)/20)/(-1). Suppose 0 = h - g - 70. Is h prime?
True
Suppose -1073 = -2*z - 423. Suppose t - z = -4*t. Is t a prime number?
False
Suppose 3*q = -p + 2237, -8*p = -11*p - q + 6711. Is p prime?
True
Let b = 3637 - 1136. Is b a composite number?
True
Let p(m) be the third derivative of 5*m**7/1008 - m**6/120 - m**5/30 - 5*m**2. Let u(s) be the third derivative of p(s). Is u(3) prime?
False
Suppose 32572 = 4*c - 4*k, 7*c + 3*k - 24453 = 4*c. Is c composite?
False
Suppose -3*i = -6*i + 2*b + 93706, 2*b = -5*i + 156198. Is i prime?
False
Let o(y) = 5998*y + 47. Is o(12) a prime number?
False
Is (32/40 + -1)*-25385 prime?
True
Let d(y) = -y**2 - 6*y - 2. Let a be d(-4). Suppose -632 = -5*f + m, -2*f + 242 = 2*m - a*m. Is f a prime number?
True
Let d(g) = -40 - 23 - 10*g + 16 - 4*g. Is d(-5) a composite number?
False
Let k be -2 + 5 + (-3 - -958). Let p = k + -579. Is p a prime number?
True
Suppose i - 13480 = -3*d, -2*d = -5*i - 7*d + 67370. Is i prime?
False
Let y = -94 + 187. Let t = -10 - -15. Suppose 3*w - l = 234, 80 = 2*w + t*l - y. Is w a prime number?
True
Let r(c) = -88*c**3 - 9*c**2 - 6*c - 3. Is r(-4) composite?
True
Let f be (-1)/3 - (0 + 10/6). Let v(n) = -841*n - 9. Is v(f) composite?
True
Let s(a) = -2*a**3 - 3*a**2 - 3*a - 5. Let k be s(-4). Suppose -50 = -16*b + 46. Is k + b - (-4)/1 a composite number?
False
Suppose -5 = -5*x + 10. Suppose 155 = 3*m + 2*y, -x*y = -0*m - 5*m + 271. Is m prime?
True
Let f = -52404 + 78481. Is f a composite number?
True
Let f be -30*(-8)/(-20)*-1. Suppose 3*l = -0*l - f. Is 1/(-2) + (-270)/l a prime number?
True
Is 26092/10 + 22/(-110) a prime number?
True
Let f be (74/(-6) - 1) + (-2)/3. Is (-3 - f/4)*978 a prime number?
False
Let i(y) = -y - 1. Let d(v) = -24*v - 11. Let c(r) = d(r) - 2*i(r). Is c(-10) a prime number?
True
Let n = -67 - -67. Let d(t) = t**2 - 12*t + 3019. Is d(n) prime?
True
Suppose -d + 16 + 361 = 0. Suppose 5*g + 3400 = 5*t, 980 + d = 2*t + g. Is t a prime number?
False
Let j = -8 + 12. Suppose 0 = -j*h - 2*w - 1236 + 256, 2*h - 5*w + 490 = 0. Is 1/((-5)/h + 0) a prime number?
False
Let c(l) = 1179*l**2 - 139*l - 11. Is c(6) a composite number?
True
Let y be (2/2)/((-2)/(-6)). Suppose -7*d + 3*d = t - 211, -y*t = 4*d - 601. Suppose 401 + t = 4*f. Is f composite?
False
Suppose -6*i - 1 = -5*i. Let h be 1/(1/3540) + i. Suppose 2820 = 4*l + 2*x, -4*l + x = l - h. Is l a prime number?
False
Suppose 2*z - 3 = 7. Suppose -4*w + 3*n - 4*n = -33, 2*w = -z*n + 39. Is w - 5 - (-289 + -2) composite?
False
Let b(a) = 6*a**3 - 13*a**2 + 20*a - 15. Is b(16) a prime number?
False
Suppose 11*t - 11650 = 5202. Let g = t + -1089. Is g a composite number?
False
Let d = 2 + -4. Is (-1)/(d*4/14408) prime?
True
Suppose 7 = 3*l - 5. Suppose 3*p - o - 21 = 0, -l*o = 2*p - 7*p + 28. Let y(v) = 6*v**2 - 7*v + 7. Is y(p) composite?
True
Let k be (-8)/(-3)*(-12)/(-8). Suppose -3*m = -k*p - m + 2862, 3*p = m + 2144. Is p prime?
False
Let f = 10019 - 5622. Is f a prime number?
True
Let n(x) = 90*x + 1. Suppose -5*j + 26 = -2*a, a + 1 + 18 = 4*j. Let g be 1/j + 135/20. Is n(g) a composite number?
False
Let r be (0 - 5)*4/(-10). Suppose 0 = f - r*f. Suppose f = q + 43 - 276. Is q a prime number?
True
Let o be 673/3 + (-3)/(4 - -5). Is (-41)/(1 + (o/(-52))/4) a prime number?
False
Is (0 - 27726/15)/(18/(-45)) a prime number?
True
Let k(n) = -20 - 18*n - 16 - 23 + 48. Let i be -1*11 - 0/2. Is k(i) prime?
False
Let y be 11/22*2*9. Is y/27 + 1190/3 prime?
True
Let q(o) = -697*o - 29. Is q(-18) prime?
True
Suppose -3*g - 7*a + 4*a + 12846 = 0, -4*g - 3*a + 17129 = 0. Is g composite?
False
Let t(y) be the first derivative of y**4/4 - 11*y**3/3 + y**2/2 - 9*y + 3. Let a be t(11). Suppose -u = -2*u - z + 34, a*z + 117 = 3*u. Is u a prime number?
True
Suppose 0*b - 2 = 4*b + 2*f, -2*b - 4*f - 16 = 0. Suppose -b*z = -2*r - 2565 + 57, z + 4*r = 1279. Is z composite?
False
Let v(m) = 8*m**2 - 27*m + 41. Is v(32) composite?
False
Let v = 111 - 33. Let p = 165 - v. Is p a prime number?
False
Suppose 3*p = 4*g - 51731, -4*g + 15636 = 5*p - 36055. Is g prime?
False
Let x(d) = 241*d**2 + 9*d + 37. Is x(-3) prime?
True
Suppose 2*t = 2*g - t - 797, 3*t = g - 400. Is g a composite number?
False
Suppose 7*q - 10 = 18. Suppose -4*i + 5*d = -1014, q*d - 65 - 429 = -2*i. Is i a prime number?
True
Suppose -10 - 35 = -w. Is 67 + (-9)/(w/10) a prime number?
False
Let f(y) = 688*y - 33. Is f(8) a composite number?
False
Suppose -23*r + 31229 = -6*r. Is r a prime number?
False
Suppose -2*c = 3*z - 1, -4*c + 3*c + 3*z + 14 = 0. Suppose 0 = -c*m + 2*m. Suppose m = g - 4*g + 45. Is g a prime number?
False
Let o be 1/(-2)*0/2. Suppose o = -3*c + 5*c - 32. Is 307/4 - (-4)/c a prime number?
False
Let y(p) = -p - 3. Let c be y(-5). Suppose -14 - 19 = -33*w. Is (w/c)/((-8)/(-736)) a prime number?
False
Suppose -5*n + 1190 = -4*j, -3*n + 13 + 701 = 4*j. Let o = 1711 + n. Is o a prime number?
True
Let o(j) = 3*j**3 + 25*j**2 + 7*j + 23. Is o(-8) a prime number?
True
Suppose -4*w = -1569 + 337. Suppose -w*l - 1061 = -309*l. Is l composite?
False
Let g(c) = c**3 - 7*c**2 + 8*c + 5. Suppose 0 = 8*m - 13*m + 40. Is g(m) composite?
True
Let l = 2684 - -959. Is l prime?
True
Suppose 2 + 13 = 4*u + 3*x, -2*u - x + 5 = 0. Suppose 9*f - 7547 - 508 = u. Is f composite?
True
Let m(g) = 346*g + 205. Is m(22) composite?
False
Let p(c) = -5474*c - 3. Is p(-1) a composite number?
False
Let b(j) = j**2 - 5*j + 9. Let c be b(8). Suppose 2*l + c = l. Let y = 50 - l. Is y prime?
True
Is (12 - 1) + 2*6490 composite?
True
Let c = 70 - 50. Suppose 0*w = -c*w + 9580. Is w prime?
True
Is 302626/10 + 30/(-50) + 1 a composite number?
True
Suppose -4*t + 1053 = -3687. Let o = t - 652. Is o a prime number?
False
Let x(p) = -p**2 + p + 317. Let a(l) = -l + 13. Suppose 5*u - 40 = -0*z - 5*z, -5*z + 4*u = -85. Let f be a(z). Is x(f) prime?
True
Let s be (-3 + 1)*1/(-2). Let w(k) = -627*k - 4. Let y(c) = c - 1. Let i(o) = -w(o) + 3*y(o). Is i(s